{"id":2576,"date":"2026-02-02T19:23:13","date_gmt":"2026-02-02T19:23:13","guid":{"rendered":"https:\/\/kaskipaja.net\/kaski\/?page_id=2576"},"modified":"2026-02-02T20:43:05","modified_gmt":"2026-02-02T20:43:05","slug":"tekoalykuvia-chatgptlla-ym","status":"publish","type":"page","link":"https:\/\/kaskipaja.net\/kaski\/tekoalykuvia-chatgptlla-ym\/","title":{"rendered":"Teko\u00e4lykuvia ChatGPT:ll\u00e4 ym."},"content":{"rendered":"<p><strong>K\u00e4ytetty teko\u00e4lyohjelma:<\/strong> ChatGPT (OpenAI)<\/p>\n<p><strong>Keskusteluni ChatGPT:n kanssa 2.2.2026:<\/strong><\/p>\n<p><strong>Huomio koskien sitaatteja:<\/strong> \u201cThis text was generated by ChatGPT, an AI language model by OpenAI, and is provided here for informational and creative purposes.\u201d<\/p>\n<p>Min\u00e4: &#8220;Do you still remember my earlier photos today?&#8221;<\/p>\n<p>ChatGPT:<\/p>\n<p>&#8220;Yes \u2014 I do<\/p>\n<p>I remember today\u2019s photos and our conversation clearly: you enjoyed the humorous, impossible photo mashups where people from totally different eras were together (like John D. Rockefeller with Halle Berry, presidents mixed with modern celebrities), and you laughed a lot at them. That playful, time-crossing style was exactly the fun part. &#8221;<\/p>\n<p>Eli yksinkertaisesti annoin teht\u00e4v\u00e4ksi luoda kuvan, jossa ovat sek\u00e4 presidentti Donald Trump, n\u00e4yttelij\u00e4 Halle Berry sek\u00e4 liikemies John D. Rockefeller. Taustana kuvassa on Valkoinen talo. Yll\u00e4tt\u00e4en Rockefellerin kuva on v\u00e4reiss\u00e4, vaikka Rockefellerist\u00e4 tuskin on v\u00e4rikuvia. John D. Rockefeller oli liikemies 1900-luvun alussa. ChatGPT:n luoma kuva n\u00e4ytt\u00e4\u00e4 realistiselta kuin kyseess\u00e4 olisi lehdess\u00e4 julkaistu kuva. Kuva on rajat ylitt\u00e4v\u00e4 siin\u00e4 mieless\u00e4, ett\u00e4 se on aikakaudet ylitt\u00e4v\u00e4 ja ep\u00e4realistinen, sill\u00e4 kuvassa olevat henkil\u00f6t eiv\u00e4t ole voineet olla yhteiskuvassa koskaan. John D. Rockefeller kuoli jo vuonna 1937.<\/p>\n<p>Toisessa ChatGPT:n tekem\u00e4ss\u00e4 yhteiskuvassa ovat vasemmalta lukien John F. Kennedy, Donald Trump, Halle Berry sek\u00e4 Alexander Stubb. Huomioitavaa on t\u00e4ss\u00e4kin kuvassa se, ett\u00e4 ao. henkil\u00f6iden yhteiskuva on mahdottomuus. Kennedy kuoli vuonna 1963, mutta Halle Berry on syntynyt vasta vuonna 1966. Sen sijaan kuva, jossa olisivat presidentit Trump ja Stubb olisi mahdollinen, koska sellainen on jo julkaistu oikeana kuvana.<\/p>\n<p>Ensimm\u00e4inen kuva, jonka loin yhdess\u00e4 ChatGPT:n kanssa, on kuva, jonka taustalla on maisemaa Gr\u00f6nlannista. Kuvassa iso j\u00e4\u00e4karhu on taustalla ja halaa vasemmalla olevaa presidentti Trumpia ja oikealla puolella olevaa n\u00e4yttelij\u00e4 Halle Berry\u00e4. Kuva on todella hellytt\u00e4v\u00e4 ja syd\u00e4nt\u00e4 l\u00e4mmitt\u00e4v\u00e4. Harmillista on se, etten sit\u00e4 voi t\u00e4ss\u00e4 julkaista. Kuva voisi olla ihan hyvin yhteiskuva, joka olisi julkaistu esimerkiksi sanomalehdess\u00e4.<\/p>\n<p>Min\u00e4:<\/p>\n<p>&#8220;May I attach those earlier photos on my personal web site ?<\/p>\n<p>ChatGPT:<\/p>\n<p>&#8220;Yes \u2014 you may attach those earlier photos to your personal website, with a few important notes explained clearly and honestly<\/p>\n<p>What is generally allowed<\/p>\n<ul>\n<li>You can publish AI-generated images you received here on your personal website.<\/li>\n<li>You do not need special permission from me or from OpenAI just to display them.<\/li>\n<li>You may show them for personal, non-commercial purposes (fun, portfolio, blog, humor page, etc.).<\/li>\n<\/ul>\n<p><strong>Important limitations to keep in mind<\/strong><\/p>\n<p>The images are AI-generated, not real photographs.<\/p>\n<ul>\n<li>It\u2019s best to clearly label them as AI-generated to avoid confusion<\/li>\n<\/ul>\n<p>If the images depict real people (celebrities, politicians, historical figures):<\/p>\n<ul>\n<li>Do not present them as real events.<\/li>\n<li>Avoid using them in a way that could be misleading, defamatory, or commercial.<\/li>\n<li>Do not sell the images or use them in advertising without proper rights clearance. &#8220;<\/li>\n<\/ul>\n<p>Huomio koskien sitaatteja: \u201cThis text was generated by ChatGPT, an AI language model by OpenAI, and is provided here for informational and creative purposes.\u201d<\/p>\n<p>Varmuuden vuoksi j\u00e4t\u00e4n teko\u00e4lyn tekem\u00e4t valokuvat kuitenkin toistaiseksi julkaisematta, koska kyseess\u00e4 on tunnettuja julkisuuden henkil\u00f6it\u00e4. Ehk\u00e4p\u00e4 samoja yhteiskuvia tai j\u00e4\u00e4karhukuvia voisi tehd\u00e4 niin, ett\u00e4 laittaisi teko\u00e4lyn, esimerkiksi ChatGPT:n, tekem\u00e4\u00e4n kuvia henkil\u00f6ist\u00e4, joita ei todellisuudessa olisi. Ne yhteiskuvat vaan eiv\u00e4t v\u00e4ltt\u00e4m\u00e4tt\u00e4 olisi niin h\u00e4tk\u00e4hdytt\u00e4vi\u00e4 tai kiinnostavia.<\/p>\n","protected":false},"excerpt":{"rendered":"<p>K\u00e4ytetty teko\u00e4lyohjelma: ChatGPT (OpenAI) Keskusteluni ChatGPT:n kanssa 2.2.2026: Huomio koskien sitaatteja: \u201cThis text was generated by ChatGPT, an AI language model by OpenAI, and is provided here for informational and creative purposes.\u201d Min\u00e4: &#8220;Do you still remember my earlier photos today?&#8221; ChatGPT: &#8220;Yes \u2014 I do I remember today\u2019s photos and our conversation clearly: you &hellip;<\/p>\n<p class=\"read-more\"> <a class=\"\" href=\"https:\/\/kaskipaja.net\/kaski\/tekoalykuvia-chatgptlla-ym\/\"> <span class=\"screen-reader-text\">Teko\u00e4lykuvia ChatGPT:ll\u00e4 ym.<\/span> Read More &raquo;<\/a><\/p>\n","protected":false},"author":1,"featured_media":0,"parent":0,"menu_order":0,"comment_status":"closed","ping_status":"closed","template":"","meta":{"site-sidebar-layout":"default","site-content-layout":"","ast-site-content-layout":"default","site-content-style":"default","site-sidebar-style":"default","ast-global-header-display":"","ast-banner-title-visibility":"","ast-main-header-display":"","ast-hfb-above-header-display":"","ast-hfb-below-header-display":"","ast-hfb-mobile-header-display":"","site-post-title":"","ast-breadcrumbs-content":"","ast-featured-img":"","footer-sml-layout":"","theme-transparent-header-meta":"default","adv-header-id-meta":"","stick-header-meta":"","header-above-stick-meta":"","header-main-stick-meta":"","header-below-stick-meta":"","astra-migrate-meta-layouts":"set","footnotes":""},"_links":{"self":[{"href":"https:\/\/kaskipaja.net\/kaski\/wp-json\/wp\/v2\/pages\/2576"}],"collection":[{"href":"https:\/\/kaskipaja.net\/kaski\/wp-json\/wp\/v2\/pages"}],"about":[{"href":"https:\/\/kaskipaja.net\/kaski\/wp-json\/wp\/v2\/types\/page"}],"author":[{"embeddable":true,"href":"https:\/\/kaskipaja.net\/kaski\/wp-json\/wp\/v2\/users\/1"}],"replies":[{"embeddable":true,"href":"https:\/\/kaskipaja.net\/kaski\/wp-json\/wp\/v2\/comments?post=2576"}],"version-history":[{"count":6,"href":"https:\/\/kaskipaja.net\/kaski\/wp-json\/wp\/v2\/pages\/2576\/revisions"}],"predecessor-version":[{"id":2582,"href":"https:\/\/kaskipaja.net\/kaski\/wp-json\/wp\/v2\/pages\/2576\/revisions\/2582"}],"wp:attachment":[{"href":"https:\/\/kaskipaja.net\/kaski\/wp-json\/wp\/v2\/media?parent=2576"}],"curies":[{"name":"wp","href":"https:\/\/api.w.org\/{rel}","templated":true}]}}